
Is 121 a factor of 26608021?
True
Does 46 divide 205071?
False
Is 12056 a multiple of 10?
False
Does 4 divide 1413984?
True
Is 39 a factor of 78579?
False
Is 112666 even?
True
Is 417 a factor of 4388?
False
Does 44 divide 1922932?
True
Does 47 divide 1223551?
True
Does 12 divide 14107?
False
Is 503 a factor of 6282973?
True
Is 202 a factor of 96152?
True
Is 2 a factor of 4277388?
True
Is 155658 a multiple of 6?
True
Is 192521 a multiple of 14?
False
Is 60691 a multiple of 137?
True
Is 20 a factor of 168958?
False
Does 36 divide 742766?
False
Is 1633713 a multiple of 248?
False
Is 67 a factor of 5052738?
True
Is 429459 a multiple of 53?
True
Is 60 a factor of 8947800?
True
Does 5 divide 328722?
False
Is 10 a factor of 152502?
False
Does 11 divide 544126?
True
Is 39 a factor of 76752?
True
Does 78 divide 3554245?
False
Is 38 a factor of 1032159?
False
Is 585 a factor of 1283490?
True
Is 3264675 a multiple of 184?
False
Does 77 divide 100524?
False
Is 181872 a multiple of 216?
True
Does 1306 divide 13150114?
True
Is 252 a factor of 552437?
False
Is 126417 a multiple of 4?
False
Is 44 a factor of 774686?
False
Is 298043 a multiple of 107?
False
Does 744 divide 10962959?
False
Does 36 divide 7660692?
True
Is 7 a factor of 67985?
False
Does 19 divide 9558729?
True
Is 2 a factor of 103555?
False
Is 218 a factor of 102525?
False
Is 170568 a multiple of 15?
False
Is 142551 a multiple of 49?
False
Does 18 divide 116190?
True
Does 115 divide 20240?
True
Does 78 divide 3650244?
True
Is 10 a factor of 173878?
False
Is 20 a factor of 3717940?
True
Does 28 divide 62860?
True
Does 9 divide 959319?
True
Is 3980327 a multiple of 18?
False
Is 325 a factor of 2358620?
False
Is 34 a factor of 7700149?
False
Does 322 divide 193364?
False
Is 123460 a multiple of 63?
False
Is 4825226 a multiple of 7?
True
Does 5 divide 1242870?
True
Is 245 a factor of 1940890?
True
Is 3549174 a multiple of 8?
False
Is 219 a factor of 6373480?
False
Does 9 divide 173439?
True
Does 116 divide 365284?
True
Does 23 divide 836779?
False
Is 62792 a multiple of 81?
False
Is 366600 a multiple of 100?
True
Does 69 divide 10303342?
False
Is 5079090 a multiple of 46?
True
Is 5 a factor of 1285590?
True
Does 1807 divide 15052310?
True
Is 373 a factor of 43268?
True
Is 9 a factor of 2430585?
True
Does 26 divide 151320?
True
Is 4046172 a multiple of 12?
True
Does 77 divide 249634?
True
Is 238546 even?
True
Does 95 divide 545110?
True
Is 23 a factor of 854832?
False
Is 143106 a multiple of 51?
True
Is 872365 a multiple of 13?
True
Is 2409 a multiple of 32?
False
Is 5249803 a multiple of 166?
False
Is 14564116 a multiple of 594?
False
Is 8 a factor of 52080?
True
Is 71337 a multiple of 21?
True
Is 558039 a multiple of 152?
False
Is 8 a factor of 1611?
False
Does 445 divide 182005?
True
Does 12 divide 1243414?
False
Is 41 a factor of 499882?
False
Is 43683 a multiple of 34?
False
Does 42 divide 4535118?
True
Is 50511 a multiple of 149?
True
Is 9 a factor of 573489?
True
Is 1416688 a multiple of 14?
True
Is 7 a factor of 251496?
True
Is 83571 a multiple of 89?
True
Does 83 divide 474345?
True
Is 3032 a multiple of 4?
True
Does 270 divide 69884?
False
Is 107859 a multiple of 2?
False
Is 77 a factor of 851973?
False
Is 6 a factor of 7833198?
True
Is 256158 a multiple of 63?
True
Is 1453608 a multiple of 13?
True
Is 189822 a multiple of 51?
True
Does 33 divide 695121?
False
Does 13 divide 1081457?
True
Does 91 divide 19632886?
True
Is 3 a factor of 9219?
True
Does 96 divide 1941386?
False
Does 23 divide 38346?
False
Is 334 a factor of 17258858?
False
Does 297 divide 242108?
False
Does 46 divide 754891?
False
Is 252923 a multiple of 182?
False
Is 517470 a multiple of 705?
True
Is 463067 a multiple of 35?
False
Is 503690 a multiple of 9?
False
Is 2980560 a multiple of 110?
True
Is 5147010 a multiple of 42?
False
Is 3815889 a multiple of 11?
True
Is 90 a factor of 32823?
False
Is 9 a factor of 81972?
True
Does 47 divide 467039?
True
Is 18600 a multiple of 40?
True
Is 1493339 a multiple of 42?
False
Does 2845 divide 3054829?
False
Is 12 a factor of 39876?
True
Is 89 a factor of 872734?
True
Is 988177 a multiple of 36?
False
Is 27 a factor of 529875?
True
Is 963552 a multiple of 425?
False
Does 1034 divide 16004653?
False
Is 97 a factor of 1038870?
True
Is 69 a factor of 2175134?
False
Does 185 divide 16725?
False
Is 109 a factor of 199797?
True
Does 438 divide 1564935?
False
Is 22345 a multiple of 109?
True
Is 5662 a multiple of 69?
False
Does 20 divide 4604480?
True
Does 75 divide 300808?
False
Does 67 divide 81673?
True
Is 8986342 a multiple of 22?
False
Does 62 divide 1240?
True
Is 18648 a multiple of 8?
True
Does 10 divide 2012880?
True
Does 10 divide 6076?
False
Is 3069680 a multiple of 113?
False
Is 10 a factor of 328390?
True
Does 4 divide 394033?
False
Does 214 divide 198712?
False
Is 149 a factor of 614965?
False
Is 1114714 a multiple of 9?
False
Is 223 a factor of 327420?
False
Is 51 a factor of 175593?
True
Does 12 divide 6424310?
False
Does 8 divide 4094567?
False
Does 27 divide 598717?
False
Is 875 a factor of 245000?
True
Is 4199364 a multiple of 51?
False
Does 100 divide 561700?
True
Is 535500 a multiple of 30?
True
Is 1313392 a multiple of 74?
False
Is 89148 a multiple of 102?
True
Does 29 divide 4048835?
True
Is 463 a factor of 9089153?
True
Does 162 divide 851496?
False
Is 16 a factor of 90235?
False
Is 11 a factor of 2698693?
False
Is 812520 a multiple of 40?
True
Is 51496 a multiple of 8?
True
Does 6 divide 71034?
True
Does 4 divide 100348?
True
Does 32 divide 44732?
False
Is 520 a factor of 368120?
False
Does 1433 divide 12222057?
True
Is 2029223 a multiple of 42?
False
Is 313 a factor of 408046?
False
Is 175840 a multiple of 157?
True
Is 76388 a multiple of 16?
False
Does 27 divide 915729?
False
Does 346 divide 5205916?
True
Is 2 a factor of 142581?
False
Does 467 divide 858346?
True
Is 8640810 a multiple of 24?
False
Does 19 divide 303145?
True
Is 130 a factor of 69070?
False
Is 930860 a multiple of 737?
False
Is 417 a factor of 430344?
True
Is 60780 a multiple of 12?
True
Does 24 divide 596978?
False
Is 22722348 a multiple of 44?
True
Is 200 a factor of 129800?
True
Is 207427 a multiple of 11?
True
Does 11 divide 33726803?
True
Does 26 divide 837252?
True
Does 647 divide 5268813?
False
Is 706 a factor of 12156345?
False
Is 9 a factor of 38682?
True
Does 56 divide 19879?
False
Does 397 divide 3549974?
True
Is 459192 a multiple of 106?
True
Does 134 divide 1432326?
True
Is 2694847 a multiple of 307?
False
Is 10527 a multiple of 87?
True
Is 154917 a multiple of 19?
False
Is 118566 a multiple of 6?
True
Is 9644501 a multiple of 29?
True
Is 1174809 a multiple of 14?
False
Does 12 divide 897636?
True
Is 878 a factor of 243206?
True
Is 109 a factor of 124134?
False
Does 39 divide 16264?
False
Is 46 a factor of 592847?
False
Is 10266522 a multiple of 7?
True
Is 244611 a multiple of 2?
False
Is 24965177 a multiple of 9?
False
Is 530 a factor of 158236?
False
Is 4659984 a multiple of 483?
True
Is 45 a factor of 2407680?
True
Is 226 a factor of 1248876?
True
Is 3968811 a multiple of 249?
True
Is 287457 a multiple of 91?
False
Is 26 a factor of 4011?
False
Is 18 a factor of 98181?
False
Is 127 a factor of 718566?
True
Is 7 a factor of 113260?
True
Is 2725140 a multiple of 49?
False
Is 68 a factor of 1419371?
False
Is 834768 a multiple of 186?
True
Is 680913 a multiple of 3?
True
Does 13 divide 1996592?
True
Does 29 divide 545900?
False
Does 17 divide 672248?
True
Is 349235 a multiple of 5?
True
Is 48 a factor of 133632?
True
Is 704529 a multiple of 36?
False
Is 31 a factor of 1090611?
True
Does 17 divide 6309725?
False
Is 246 a factor of 2204699?
False
Does 29 divide 134850?
True
Does 984 divide 1722984?
True
Is 170984 a multiple of 100?
False
Is 11 a factor of 15682652?
False
Does 48 divide 38160?
True
Does 318 divide 571771?
False
Is 3134 even?
True
Is 1777 a factor of 9784255?
False
Is 225288 a multiple of 434?
False
Is 549285 a multiple of 183?
False
Does 323 divide 306850?
True
Does 3 divide 373221?
True
Is 33 a factor of 2344140?
False
Is 2858576 a multiple of 14?
True
Does 58 divide 40194?
True
Is 822310 a multiple of 5?
True
Does 183 divide 16679731?
False
Is 357 a factor of 1893885